{"id":661,"date":"2021-06-22T08:58:26","date_gmt":"2021-06-22T07:58:26","guid":{"rendered":"https:\/\/iesmaimonides.es\/?page_id=661"},"modified":"2021-06-22T08:58:50","modified_gmt":"2021-06-22T07:58:50","slug":"escolarizacion-eso","status":"publish","type":"page","link":"https:\/\/iesmaimonides.es\/?page_id=661","title":{"rendered":"Escolarizaci\u00f3n &#8211; ESO"},"content":{"rendered":"<p>Haga click en la imagen para abrir el documento. Los cursos se ir\u00e1n a\u00f1adiendo paulatinamente.<br \/>\n<a href=\"https:\/\/drive.google.com\/file\/d\/1iTdpBInHGFgZwtsgHDGw3Wnyb3155tBp\/view?usp=sharing\"><img loading=\"lazy\" decoding=\"async\" class=\"alignnone size-medium wp-image-662\" src=\"https:\/\/i0.wp.com\/iesmaimonides.es\/wp-content\/uploads\/2021\/06\/matricula.jpg?resize=690%2C400&#038;ssl=1\" alt=\"\" width=\"690\" height=\"400\" data-recalc-dims=\"1\" \/><\/a><\/p>\n","protected":false},"excerpt":{"rendered":"<p>Haga click en la imagen para abrir el documento. Los cursos se ir\u00e1n a\u00f1adiendo paulatinamente.<\/p>\n","protected":false},"author":1,"featured_media":0,"parent":576,"menu_order":0,"comment_status":"closed","ping_status":"closed","template":"","meta":{"footnotes":""},"class_list":["post-661","page","type-page","status-publish","hentry"],"jetpack_sharing_enabled":true,"_links":{"self":[{"href":"https:\/\/iesmaimonides.es\/index.php?rest_route=\/wp\/v2\/pages\/661","targetHints":{"allow":["GET"]}}],"collection":[{"href":"https:\/\/iesmaimonides.es\/index.php?rest_route=\/wp\/v2\/pages"}],"about":[{"href":"https:\/\/iesmaimonides.es\/index.php?rest_route=\/wp\/v2\/types\/page"}],"author":[{"embeddable":true,"href":"https:\/\/iesmaimonides.es\/index.php?rest_route=\/wp\/v2\/users\/1"}],"replies":[{"embeddable":true,"href":"https:\/\/iesmaimonides.es\/index.php?rest_route=%2Fwp%2Fv2%2Fcomments&post=661"}],"version-history":[{"count":1,"href":"https:\/\/iesmaimonides.es\/index.php?rest_route=\/wp\/v2\/pages\/661\/revisions"}],"predecessor-version":[{"id":663,"href":"https:\/\/iesmaimonides.es\/index.php?rest_route=\/wp\/v2\/pages\/661\/revisions\/663"}],"up":[{"embeddable":true,"href":"https:\/\/iesmaimonides.es\/index.php?rest_route=\/wp\/v2\/pages\/576"}],"wp:attachment":[{"href":"https:\/\/iesmaimonides.es\/index.php?rest_route=%2Fwp%2Fv2%2Fmedia&parent=661"}],"curies":[{"name":"wp","href":"https:\/\/api.w.org\/{rel}","templated":true}]}}