{"id":1796,"date":"2025-06-13T07:12:50","date_gmt":"2025-06-13T06:12:50","guid":{"rendered":"https:\/\/iesmaimonides.es\/?page_id=1796"},"modified":"2025-06-13T07:12:50","modified_gmt":"2025-06-13T06:12:50","slug":"ciclo-formativo-de-grado-superior-en-administracion-y-finanzas","status":"publish","type":"page","link":"https:\/\/iesmaimonides.es\/?page_id=1796","title":{"rendered":"CICLO FORMATIVO DE GRADO SUPERIOR EN ADMINISTRACI\u00d3N Y FINANZAS"},"content":{"rendered":"<p><strong><u>CICLO FORMATIVO DE GRADO SUPERIOR EN ADMINISTRACI\u00d3N Y FINANZAS<\/u><\/strong><\/p>\n<p><strong><u>\u00bfEn qu\u00e9 consiste?<\/u><\/strong><\/p>\n<p>El Ciclo Formativo de Grado Superior de Administraci\u00f3n y finanzas (2.000 horas) se divide en dos cursos acad\u00e9micos en horario de lunes a viernes de 8:15 a 14:45. Los m\u00f3dulos profesionales que se imparten en cada uno de los cursos son:<\/p>\n<p><strong>Primer curso:<\/strong><\/p>\n<ul>\n<li>Ingl\u00e9s profesional GS<\/li>\n<li>Gesti\u00f3n de la documentaci\u00f3n jur\u00eddica y empresarial<\/li>\n<li>Recursos humanos y responsabilidad social corporativa<\/li>\n<li>Ofim\u00e1tica y proceso de la informaci\u00f3n<\/li>\n<li>Proceso integral de la actividad comercial<\/li>\n<li>Comunicaci\u00f3n y Atenci\u00f3n al Cliente<\/li>\n<li>Digitalizaci\u00f3n aplicada al sistema productivo GS<\/li>\n<li>Sostenibilidad aplicada al sistema productivo<\/li>\n<li>Itinerario personal para la empleabilidad I<\/li>\n<\/ul>\n<p><strong>Segundo curso:<\/strong><\/p>\n<ul>\n<li>Gesti\u00f3n de recursos humanos<\/li>\n<li>Gesti\u00f3n Financiera<\/li>\n<li>Contabilidad y Fiscalidad<\/li>\n<li>Gesti\u00f3n log\u00edstica y comercial<\/li>\n<li>Simulaci\u00f3n empresarial<\/li>\n<li>Proyecto Intermodular de Administraci\u00f3n y Finanzas<\/li>\n<li>Itinerario personal para la empleabilidad II<\/li>\n<li>Optativa<\/li>\n<\/ul>\n<p><strong><u>Formaci\u00f3n en empresas<\/u><\/strong><\/p>\n<p>Dentro del calendario del curso, realizar\u00e1s una fase de formaci\u00f3n en la empresa, que tendr\u00e1 una duraci\u00f3n m\u00ednima del 25% de la duraci\u00f3n total prevista de la formaci\u00f3n (500 horas).<\/p>\n<p>No es necesario haber finalizado todos los m\u00f3dulos profesionales antes de cursar esta fase. Podr\u00e1s compatibilizar las ense\u00f1anzas te\u00f3rico\/pr\u00e1cticas en el centro educativo y los aprendizajes pr\u00e1cticos en el per\u00edodo de formaci\u00f3n en empresa.<\/p>\n<p><strong><u>\u00bfQu\u00e9 ventajas tiene esta modalidad?<\/u><\/strong><\/p>\n<ul>\n<li>Es una formaci\u00f3n integral ya que combina <strong>formaci\u00f3n en el instituto y en empresas del entorno<\/strong>.<\/li>\n<li>Es una oferta <strong>p\u00fablica y gratuita<\/strong>.<\/li>\n<li>Puedes trabajar tanto en <strong>empresas privadas<\/strong> como en <strong>p\u00fablicas<\/strong>, ofreci\u00e9ndote la posibilidad de <strong>opositar para un empleo p\u00fablico<\/strong>.<\/li>\n<\/ul>\n<p><strong><u>\u00bfCu\u00e1les son los requisitos?<\/u><\/strong><\/p>\n<p>De forma general, es necesario estar en posesi\u00f3n del T\u00edtulo de Bachiller o del T\u00edtulo de T\u00e9cnico de Grado Medio de Formaci\u00f3n Profesional. Para m\u00e1s informaci\u00f3n <a href=\"https:\/\/portales.ced.junta-andalucia.es\/educacion\/portales\/web\/escolarizacion\/w\/escolarizacion-2022-0.17.3.2-req-ocgs-requisitos-y-cupo-de-acceso-para-los-ciclos-formativos-de-grado-superior\">pincha aqu\u00ed<\/a>.<\/p>\n<p><strong><u>Formamos T\u00e9cnicos Superiores en Administraci\u00f3n y Finanzas.<\/u><\/strong><\/p>\n<p>Este profesional ejerce su actividad tanto en grandes como en medianas y peque\u00f1as empresas, en cualquier sector de actividad, particularmente en el sector servicios, as\u00ed como en las administraciones p\u00fablicas, desempe\u00f1ando las tareas administrativas en la gesti\u00f3n y el asesoramiento en las \u00e1reas laboral, comercial, contable y fiscal de dichas empresas e instituciones, ofreciendo un servicio y atenci\u00f3n a los clientes y ciudadanos, realizando tr\u00e1mites administrativos con las administraciones p\u00fablicas y gestionando el archivo y las comunicaciones de la empresa.<\/p>\n<p><strong><u>\u00bfQu\u00e9 vas a aprender?<\/u><\/strong><\/p>\n<ul>\n<li>Tramitar documentos o comunicaciones internas o externas en los circuitos de informaci\u00f3n de la empresa.<\/li>\n<li>Proponer l\u00edneas de actuaci\u00f3n encaminadas a mejorar la eficiencia de los procesos administrativos en los que interviene.<\/li>\n<li>Gestionar los procesos de tramitaci\u00f3n administrativa empresarial en relaci\u00f3n a las \u00e1reas comercial, financiera, contable y fiscal, con una visi\u00f3n integradora de las mismas.<\/li>\n<li>Realizar la gesti\u00f3n contable y fiscal de la empresa, seg\u00fan los procesos y procedimientos administrativos, aplicando la normativa vigente y en condiciones de seguridad y calidad.<\/li>\n<li>Supervisar la gesti\u00f3n de tesorer\u00eda, la captaci\u00f3n de recursos financieros y el estudio de viabilidad de proyectos de inversi\u00f3n, siguiendo las normas y protocolos establecidos.<\/li>\n<li>Aplicar los procesos administrativos establecidos en la selecci\u00f3n, contrataci\u00f3n, formaci\u00f3n y desarrollo de los Recursos Humanos, ajust\u00e1ndose a la normativa vigente y a la pol\u00edtica empresarial.<\/li>\n<li>Realizar la gesti\u00f3n administrativa de los procesos comerciales, llevando a cabo las tareas de documentaci\u00f3n y las actividades de negociaci\u00f3n con proveedores, y de asesoramiento y relaci\u00f3n con el cliente.<\/li>\n<li>Tramitar y realizar la gesti\u00f3n administrativa en la presentaci\u00f3n de documentos en diferentes organismos y administraciones p\u00fablicas, en plazo y forma requeridos.<\/li>\n<li>Adaptarse a las nuevas situaciones laborales, manteniendo actualizados los conocimientos cient\u00edficos, t\u00e9cnicos y tecnol\u00f3gicos relativos a su entorno profesional, gestionando su formaci\u00f3n y los recursos existentes en el aprendizaje a lo largo de la vida y utilizando las tecnolog\u00edas de la informaci\u00f3n y la comunicaci\u00f3n.<\/li>\n<li>Realizar la gesti\u00f3n b\u00e1sica para la creaci\u00f3n y funcionamiento de una peque\u00f1a empresa y tener iniciativa en su actividad profesional con sentido de la responsabilidad social.<\/li>\n<\/ul>\n<p><strong><u>Salidas profesionales<\/u><\/strong><\/p>\n<ul>\n<li>Administrativa \/ administrativo de oficina.<\/li>\n<li>Administrativa \/ administrativo comercial.<\/li>\n<li>Administrativa financiera \/ administrativo financiero.<\/li>\n<li>Administrativa \/ administrativo contable.<\/li>\n<li>Administrativa \/ administrativo de log\u00edstica.<\/li>\n<li>Administrativa \/ administrativo de banca y de seguros.<\/li>\n<li>Administrativa \/ administrativo de recursos humanos.<\/li>\n<li>Administrativa \/ administrativo de la Administraci\u00f3n p\u00fablica.<\/li>\n<li>Administrativa \/ administrativo de asesor\u00edas jur\u00eddicas, contables, laborales, fiscales o gestor\u00edas.<\/li>\n<li>T\u00e9cnica \/ t\u00e9cnico en gesti\u00f3n de cobros.<\/li>\n<li>Responsable de atenci\u00f3n al cliente<\/li>\n<\/ul>\n<p>Puedes trabajar en empresas de cualquier tama\u00f1o y sector, especialmente en servicios y administraciones p\u00fablicas, realizando tareas administrativas, gesti\u00f3n y asesoramiento en \u00e1reas laboral, comercial, contable y fiscal. Ofrecer atenci\u00f3n a clientes y ciudadanos, gestionar tr\u00e1mites con administraciones p\u00fablicas, archivo y comunicaciones. Y como aut\u00f3nomo gestionando tu empresa o en actividades econ\u00f3micas libres, como asesor\u00eda financiera, laboral o proyectos.<\/p>\n<p><strong><u>No lo dudes, ap\u00fantate\u2026<\/u><\/strong><\/p>\n<p>Para m\u00e1s informaci\u00f3n vis\u00edtanos en Calle Alfonso XIII 4, 14001, C\u00f3rdoba<\/p>\n<p>O contacta con nosotros:<\/p>\n<ul>\n<li>Email: <a href=\"mailto:14002923.edu@juntadeandalucia.es\">edu@juntadeandalucia.es<\/a><\/li>\n<li>Tel\u00e9fono: 957379971<\/li>\n<\/ul>\n","protected":false},"excerpt":{"rendered":"<p>CICLO FORMATIVO DE GRADO SUPERIOR EN ADMINISTRACI\u00d3N Y FINANZAS \u00bfEn qu\u00e9 consiste? El Ciclo Formativo de Grado Superior de Administraci\u00f3n y finanzas (2.000 horas) se divide en dos cursos acad\u00e9micos en horario de lunes a viernes de 8:15 a 14:45. Los m\u00f3dulos profesionales que se imparten en cada uno de los cursos son: Primer curso: [&hellip;]<\/p>\n","protected":false},"author":3,"featured_media":0,"parent":0,"menu_order":0,"comment_status":"closed","ping_status":"closed","template":"","meta":{"footnotes":""},"class_list":["post-1796","page","type-page","status-publish","hentry"],"jetpack_sharing_enabled":true,"_links":{"self":[{"href":"https:\/\/iesmaimonides.es\/index.php?rest_route=\/wp\/v2\/pages\/1796","targetHints":{"allow":["GET"]}}],"collection":[{"href":"https:\/\/iesmaimonides.es\/index.php?rest_route=\/wp\/v2\/pages"}],"about":[{"href":"https:\/\/iesmaimonides.es\/index.php?rest_route=\/wp\/v2\/types\/page"}],"author":[{"embeddable":true,"href":"https:\/\/iesmaimonides.es\/index.php?rest_route=\/wp\/v2\/users\/3"}],"replies":[{"embeddable":true,"href":"https:\/\/iesmaimonides.es\/index.php?rest_route=%2Fwp%2Fv2%2Fcomments&post=1796"}],"version-history":[{"count":1,"href":"https:\/\/iesmaimonides.es\/index.php?rest_route=\/wp\/v2\/pages\/1796\/revisions"}],"predecessor-version":[{"id":1797,"href":"https:\/\/iesmaimonides.es\/index.php?rest_route=\/wp\/v2\/pages\/1796\/revisions\/1797"}],"wp:attachment":[{"href":"https:\/\/iesmaimonides.es\/index.php?rest_route=%2Fwp%2Fv2%2Fmedia&parent=1796"}],"curies":[{"name":"wp","href":"https:\/\/api.w.org\/{rel}","templated":true}]}}