{"id":1773,"date":"2025-06-12T17:08:52","date_gmt":"2025-06-12T16:08:52","guid":{"rendered":"https:\/\/iesmaimonides.es\/?page_id=1773"},"modified":"2025-06-15T18:01:29","modified_gmt":"2025-06-15T17:01:29","slug":"familia-profesional-de-administracion-y-gestion","status":"publish","type":"page","link":"https:\/\/iesmaimonides.es\/?page_id=1773","title":{"rendered":"Familia profesional de Administraci\u00f3n y Gesti\u00f3n"},"content":{"rendered":"<p>En el IES Maim\u00f3nides tienes todos los ciclos duales para formarte como administrativo adaptados a tu perfil acad\u00e9mico:<\/p>\n<ul>\n<li><b>Grado Medio de Gesti\u00f3n Administrativa OMD: <\/b>Dirigido a mayores de 18 a\u00f1os con responsabilidades laborales o familiares, ya que se desarrolla a lo largo de tres cursos en horario reducido de tarde de lunes a viernes de 17:15 a 21:45.\n<ul>\n<li>En el siguiente enlace se puede consultar toda la informaci\u00f3n relativa a la OMD:<\/li>\n<\/ul>\n<\/li>\n<\/ul>\n<p style=\"text-align: center;\"><a href=\"https:\/\/iesmaimonides.es\/?page_id=1769\">Informaci\u00f3n sobre la OMD.<\/a><\/p>\n<ul>\n<li><b>Grado Medio de Gesti\u00f3n Administrativa:<\/b> Dirigido a alumnos que han superado la ESO o un t\u00edtulo equivalente. Se divide en dos cursos acad\u00e9micos en horario de ma\u00f1anas de lunes a viernes de 8:15 a 14:45.<\/li>\n<\/ul>\n<p style=\"text-align: center;\"><a href=\"https:\/\/iesmaimonides.es\/?page_id=1789\">Informaci\u00f3n sobre el Ciclo de Grado Medio de Gesti\u00f3n Administrativa<\/a><\/p>\n<ul>\n<li><b>Grado Superior de Administraci\u00f3n y Finanzas:<\/b> Dirigido a alumnos que han superado el bachillerato u otro ciclo formativo, se divide en dos cursos acad\u00e9micos en horario de ma\u00f1anas de lunes a viernes de 15:15 a 21:45.<\/li>\n<\/ul>\n<p style=\"text-align: center;\"><a href=\"https:\/\/iesmaimonides.es\/?page_id=1796\">Informaci\u00f3n sobre el Ciclo Formativo de Grado Superior de Administraci\u00f3n y Finanzas.<\/a><\/p>\n<ul>\n<li><b>Grado B\u00e1sico de servicios Administrativos:<\/b> Dirigido a aquellos que han cursado el primer ciclo de la ESO. Se divide en dos cursos acad\u00e9micos en horario de ma\u00f1anas de lunes a viernes de 8:15 a 14:45.<\/li>\n<\/ul>\n<p style=\"text-align: center;\"><a href=\"https:\/\/iesmaimonides.es\/?page_id=1792\">Informaci\u00f3n sobre el Ciclo Formativo de Grado B\u00e1sico de Servicios Administrativos<\/a><\/p>\n<p>Para m\u00e1s informaci\u00f3n consulta nuestra web, y en caso de tener dudas vis\u00edtanos en Calle Alfonso XIII 4, 14001 o contacta con nosotros:<\/p>\n<ul>\n<li>Email: 14002923.edu@juntadeandalucia.es<\/li>\n<li>Tel\u00e9fono: 957379971<\/li>\n<\/ul>\n<div id=\"metaslider-id-1781\" style=\"width: 100%;\" class=\"ml-slider-3-108-0 metaslider metaslider-flex metaslider-1781 ml-slider has-dots-nav ms-theme-default-base\" role=\"region\" aria-label=\"FP Administraci\u00f3n y Gesti\u00f3n\" data-height=\"300\" data-width=\"700\">\n    <div id=\"metaslider_container_1781\">\n        <div id=\"metaslider_1781\">\n            <ul class='slides'>\n                <li style=\"display: block; width: 100%;\" class=\"slide-1785 ms-image \" aria-roledescription=\"slide\" data-date=\"2025-06-12 17:19:44\" data-filename=\"38775875354_76705ee15a_c-700x300.jpg\" data-slide-type=\"image\"><img loading=\"lazy\" decoding=\"async\" src=\"https:\/\/i0.wp.com\/iesmaimonides.es\/wp-content\/uploads\/2025\/06\/38775875354_76705ee15a_c.jpg?resize=700%2C300&#038;ssl=1\" height=\"300\" width=\"700\" alt=\"\" class=\"slider-1781 slide-1785 msDefaultImage\" title=\"38775875354_76705ee15a_c\" data-recalc-dims=\"1\" \/><\/li>\n                <li style=\"display: none; width: 100%;\" class=\"slide-1786 ms-image \" aria-roledescription=\"slide\" data-date=\"2025-06-12 17:19:44\" data-filename=\"3500311265_e80763cbc8_c-700x300.jpg\" data-slide-type=\"image\"><img loading=\"lazy\" decoding=\"async\" src=\"https:\/\/i0.wp.com\/iesmaimonides.es\/wp-content\/uploads\/2025\/06\/3500311265_e80763cbc8_c.jpg?resize=700%2C300&#038;ssl=1\" height=\"300\" width=\"700\" alt=\"\" class=\"slider-1781 slide-1786 msDefaultImage\" title=\"3500311265_e80763cbc8_c\" data-recalc-dims=\"1\" \/><\/li>\n                <li style=\"display: none; width: 100%;\" class=\"slide-1787 ms-image \" aria-roledescription=\"slide\" data-date=\"2025-06-12 17:19:44\" data-filename=\"11380200833_f8dfce376a_c-700x300.jpg\" data-slide-type=\"image\"><img loading=\"lazy\" decoding=\"async\" src=\"https:\/\/i0.wp.com\/iesmaimonides.es\/wp-content\/uploads\/2025\/06\/11380200833_f8dfce376a_c.jpg?resize=700%2C300&#038;ssl=1\" height=\"300\" width=\"700\" alt=\"\" class=\"slider-1781 slide-1787 msDefaultImage\" title=\"11380200833_f8dfce376a_c\" data-recalc-dims=\"1\" \/><\/li>\n            <\/ul>\n        <\/div>\n        \n    <\/div>\n<\/div>\n","protected":false},"excerpt":{"rendered":"<p>En el IES Maim\u00f3nides tienes todos los ciclos duales para formarte como administrativo adaptados a tu perfil acad\u00e9mico: Grado Medio de Gesti\u00f3n Administrativa OMD: Dirigido a mayores de 18 a\u00f1os con responsabilidades laborales o familiares, ya que se desarrolla a lo largo de tres cursos en horario reducido de tarde de lunes a viernes de [&hellip;]<\/p>\n","protected":false},"author":3,"featured_media":0,"parent":0,"menu_order":0,"comment_status":"closed","ping_status":"closed","template":"","meta":{"footnotes":""},"class_list":["post-1773","page","type-page","status-publish","hentry"],"jetpack_sharing_enabled":true,"_links":{"self":[{"href":"https:\/\/iesmaimonides.es\/index.php?rest_route=\/wp\/v2\/pages\/1773","targetHints":{"allow":["GET"]}}],"collection":[{"href":"https:\/\/iesmaimonides.es\/index.php?rest_route=\/wp\/v2\/pages"}],"about":[{"href":"https:\/\/iesmaimonides.es\/index.php?rest_route=\/wp\/v2\/types\/page"}],"author":[{"embeddable":true,"href":"https:\/\/iesmaimonides.es\/index.php?rest_route=\/wp\/v2\/users\/3"}],"replies":[{"embeddable":true,"href":"https:\/\/iesmaimonides.es\/index.php?rest_route=%2Fwp%2Fv2%2Fcomments&post=1773"}],"version-history":[{"count":11,"href":"https:\/\/iesmaimonides.es\/index.php?rest_route=\/wp\/v2\/pages\/1773\/revisions"}],"predecessor-version":[{"id":1822,"href":"https:\/\/iesmaimonides.es\/index.php?rest_route=\/wp\/v2\/pages\/1773\/revisions\/1822"}],"wp:attachment":[{"href":"https:\/\/iesmaimonides.es\/index.php?rest_route=%2Fwp%2Fv2%2Fmedia&parent=1773"}],"curies":[{"name":"wp","href":"https:\/\/api.w.org\/{rel}","templated":true}]}}

Familia profesional de Administración y Gestión

<p>En el IES Maimónides tienes todos los ciclos duales para formarte como administrativo adaptados a tu perfil académico:</p>
<ul>
<li><b>Grado Medio de Gestión Administrativa OMD: </b>Dirigido a mayores de 18 años con responsabilidades laborales o familiares, ya que se desarrolla a lo largo de tres cursos en horario reducido de tarde de lunes a viernes de 17:15 a 21:45.
<ul>
<li>En el siguiente enlace se puede consultar toda la información relativa a la OMD:</li>
</ul>
</li>
</ul>
<p style="text-align: center;"><a href="https://iesmaimonides.es/?page_id=1769">Información sobre la OMD.</a></p>
<ul>
<li><b>Grado Medio de Gestión Administrativa:</b> Dirigido a alumnos que han superado la ESO o un título equivalente. Se divide en dos cursos académicos en horario de mañanas de lunes a viernes de 8:15 a 14:45.</li>
</ul>
<p style="text-align: center;"><a href="https://iesmaimonides.es/?page_id=1789">Información sobre el Ciclo de Grado Medio de Gestión Administrativa</a></p>
<ul>
<li><b>Grado Superior de Administración y Finanzas:</b> Dirigido a alumnos que han superado el bachillerato u otro ciclo formativo, se divide en dos cursos académicos en horario de mañanas de lunes a viernes de 15:15 a 21:45.</li>
</ul>
<p style="text-align: center;"><a href="https://iesmaimonides.es/?page_id=1796">Información sobre el Ciclo Formativo de Grado Superior de Administración y Finanzas.</a></p>
<ul>
<li><b>Grado Básico de servicios Administrativos:</b> Dirigido a aquellos que han cursado el primer ciclo de la ESO. Se divide en dos cursos académicos en horario de mañanas de lunes a viernes de 8:15 a 14:45.</li>
</ul>
<p style="text-align: center;"><a href="https://iesmaimonides.es/?page_id=1792">Información sobre el Ciclo Formativo de Grado Básico de Servicios Administrativos</a></p>
<p>Para más información consulta nuestra web, y en caso de tener dudas visítanos en Calle Alfonso XIII 4, 14001 o contacta con nosotros:</p>
<ul>
<li>Email: 14002923.edu@juntadeandalucia.es</li>
<li>Teléfono: 957379971</li>
</ul>
<div id="metaslider-id-1781" style="width: 100%;" class="ml-slider-3-108-0 metaslider metaslider-flex metaslider-1781 ml-slider has-dots-nav ms-theme-default-base" role="region" aria-label="FP Administración y Gestión" data-height="300" data-width="700">
    <div id="metaslider_container_1781">
        <div id="metaslider_1781">
            <ul class='slides'>
                <li style="display: block; width: 100%;" class="slide-1785 ms-image " aria-roledescription="slide" data-date="2025-06-12 17:19:44" data-filename="38775875354_76705ee15a_c-700x300.jpg" data-slide-type="image"><img loading="lazy" decoding="async" src="https://i0.wp.com/iesmaimonides.es/wp-content/uploads/2025/06/38775875354_76705ee15a_c.jpg?resize=700%2C300&#038;ssl=1" height="300" width="700" alt="" class="slider-1781 slide-1785 msDefaultImage" title="38775875354_76705ee15a_c" data-recalc-dims="1" /></li>
                <li style="display: none; width: 100%;" class="slide-1786 ms-image " aria-roledescription="slide" data-date="2025-06-12 17:19:44" data-filename="3500311265_e80763cbc8_c-700x300.jpg" data-slide-type="image"><img loading="lazy" decoding="async" src="https://i0.wp.com/iesmaimonides.es/wp-content/uploads/2025/06/3500311265_e80763cbc8_c.jpg?resize=700%2C300&#038;ssl=1" height="300" width="700" alt="" class="slider-1781 slide-1786 msDefaultImage" title="3500311265_e80763cbc8_c" data-recalc-dims="1" /></li>
                <li style="display: none; width: 100%;" class="slide-1787 ms-image " aria-roledescription="slide" data-date="2025-06-12 17:19:44" data-filename="11380200833_f8dfce376a_c-700x300.jpg" data-slide-type="image"><img loading="lazy" decoding="async" src="https://i0.wp.com/iesmaimonides.es/wp-content/uploads/2025/06/11380200833_f8dfce376a_c.jpg?resize=700%2C300&#038;ssl=1" height="300" width="700" alt="" class="slider-1781 slide-1787 msDefaultImage" title="11380200833_f8dfce376a_c" data-recalc-dims="1" /></li>
            </ul>
        </div>
        
    </div>
</div>

<p>En el IES Maimónides tienes todos los ciclos duales para formarte como administrativo adaptados a tu perfil académico: Grado Medio de Gestión Administrativa OMD: Dirigido a mayores de 18 años con responsabilidades laborales o familiares, ya que se desarrolla a lo largo de tres cursos en horario reducido de tarde de lunes a viernes de [&hellip;]</p>
