{"id":1769,"date":"2025-06-07T08:46:16","date_gmt":"2025-06-07T07:46:16","guid":{"rendered":"https:\/\/iesmaimonides.es\/?page_id=1769"},"modified":"2025-06-07T08:46:16","modified_gmt":"2025-06-07T07:46:16","slug":"ciclo-formativo-de-grado-medio-en-gestion-admnistrativa-modalidad-omd","status":"publish","type":"page","link":"https:\/\/iesmaimonides.es\/?page_id=1769","title":{"rendered":"CICLO FORMATIVO DE GRADO MEDIO EN GESTI\u00d3N ADMNISTRATIVA (Modalidad OMD)"},"content":{"rendered":"<p><span style=\"color: #0070c0;\"><span style=\"font-size: x-large;\"><u><b>CICLO FORMATIVO DE GRADO MEDIO EN GESTI\u00d3N ADMNISTRATIVA (Modalidad OMD)<\/b><\/u><\/span><\/span><\/p>\n<p><span style=\"color: #0070c0;\"><span style=\"font-size: x-large;\"><u><b>\u00bfEn qu\u00e9 consiste?<\/b><\/u><\/span><\/span><\/p>\n<p>La Oferta Modular Diferenciada (OMD) tiene un car\u00e1cter de oferta modular, es decir, la <b>solicitud para cursar esta modalidad de ense\u00f1anza se realiza por m\u00f3dulos profesionales <\/b>(asignatura en ESO o Bachillerato), por lo que no es necesario matricularse de cursos completos. Sin embargo, para un aprovechamiento \u00f3ptimo, se recomienda seguir el itinerario a lo largo de tres cursos acad\u00e9micos de 20 horas semanales cada uno de ellos:<\/p>\n<p><b>Primer curso:<\/b><\/p>\n<p>0437.- Comunicaci\u00f3n empresarial y atenci\u00f3n al cliente. 4 horas\/semana<\/p>\n<p>0438.- Operaciones administrativas de compra-venta. 3 horas\/semana<\/p>\n<p>1709.- Itinerario Personal para la Empleabilidad I 3 horas\/semana<\/p>\n<p>0440.- Tratamiento inform\u00e1tico de la informaci\u00f3n. 7 horas\/semana<\/p>\n<p>0439.- Empresa y Administraci\u00f3n. 3 horas\/semana<\/p>\n<p><b>Segundo curso:<\/b><\/p>\n<p>0441.- T\u00e9cnica contable. 3 horas\/semana<\/p>\n<p>1664.- Digitalizaci\u00f3n Aplicada a los Sistemas Productivos GM 1 hora semanal<\/p>\n<p>CTOP.- Optativa 3 horas\/semana<\/p>\n<p>0442.- Operaciones administrativas de recursos humanos. 5 horas\/semana<\/p>\n<p>0156.- Ingl\u00e9s profesional GM. 5 horas\/semana<\/p>\n<p>1710.- Itinerario Personal para la Empleabilidad II 3 horas\/semana<\/p>\n<p><b>Tercer curso:<\/b><\/p>\n<p>0443.- Tratamiento de la documentaci\u00f3n contable. 5 horas\/semana<\/p>\n<p>0446.- Empresa en el aula. 6 horas\/semana<\/p>\n<p>0448.- Operaciones auxiliares de gesti\u00f3n de tesorer\u00eda. 6 horas\/semana<\/p>\n<p>1713.- Proyecto intermodular 2 horas\/semana<\/p>\n<p>1708.- Sostenibilidad aplicada al sistema productivo 1 horas\/semana<\/p>\n<p><span style=\"color: #0070c0;\"><span style=\"font-size: x-large;\"><u><b>\u00bfQu\u00e9 ventajas tiene esta modalidad?<\/b><\/u><\/span><\/span><\/p>\n<ul>\n<li>Esta modalidad se adapta al alumnado adulto con responsabilidades laborales o familiares que quieran formarse en un <b>horario reducido de tardes<\/b>.<\/li>\n<li>Es una oferta <b>p\u00fablica y gratuita<\/b>.<\/li>\n<li>Puedes trabajar tanto en <b>empresas privadas<\/b> como en <b>p\u00fablicas<\/b>, ofreci\u00e9ndote la posibilidad de <b>opositar<\/b>.<\/li>\n<\/ul>\n<p><span style=\"color: #0070c0;\"><span style=\"font-size: x-large;\"><u><b>\u00bfCu\u00e1l es el horario de clases?<\/b><\/u><\/span><\/span><\/p>\n<p>De lunes a viernes de 17:15 a 21:45<\/p>\n<p><span style=\"color: #0070c0;\"><span style=\"font-size: x-large;\"><u><b>\u00bfCu\u00e1les son los requisitos?<\/b><\/u><\/span><\/span><\/p>\n<p>Para acceder a esta modalidad de ense\u00f1anzas es necesario:<\/p>\n<ul>\n<li>Estar en posesi\u00f3n del t\u00edtulo de la ESO o equivalente. Para m\u00e1s informaci\u00f3n <span style=\"color: #467886;\"><u><a href=\"https:\/\/portals.ced.junta-andalucia.es\/educacion\/portals\/web\/formacion-profesional-andaluza\/docente\/ensenanzas\/fp-grado-medio\/requisitos\">pincha aqu\u00ed<\/a><\/u><\/span>.<\/li>\n<li>Tener cumplidos los 18 a\u00f1os a 31 de diciembre del a\u00f1o natural en que se formaliza la matr\u00edcula.<\/li>\n<\/ul>\n<p><span style=\"color: #0070c0;\"><span style=\"font-size: x-large;\"><u><b>Formamos T\u00e9cnicos en Gesti\u00f3n Administrativa.<\/b><\/u><\/span><\/span><\/p>\n<p>Este profesional ejerce su actividad tanto en grandes como en medianas y peque\u00f1as empresas, en cualquier sector de actividad, y particularmente en el sector servicios, as\u00ed como en las administraciones p\u00fablicas, ofreciendo apoyo administrativo en las tareas de administraci\u00f3n y gesti\u00f3n de dichas empresas e instituciones y prestando atenci\u00f3n a los clientes y ciudadanos.<\/p>\n<p><span style=\"color: #0070c0;\"><span style=\"font-size: x-large;\"><u><b>\u00bfQu\u00e9 vas a aprender?<\/b><\/u><\/span><\/span><\/p>\n<ul>\n<li>Tramitar documentos o comunicaciones internas o externas en los circuitos de informaci\u00f3n de la empresa.<\/li>\n<li>Clasificar, registrar y archivar comunicaciones y documentos seg\u00fan las t\u00e9cnicas apropiadas y los par\u00e1metros establecidos en la empresa<\/li>\n<li>Registrar contablemente la documentaci\u00f3n soporte correspondiente a la operativa de la empresa en condiciones de seguridad y calidad.<\/li>\n<li>Realizar gestiones administrativas de tesorer\u00eda, siguiendo las normas y protocolos establecidos por la gerencia con el fin de mantener la liquidez de la organizaci\u00f3n.<\/li>\n<li>Efectuar las gestiones administrativas de las \u00e1reas de selecci\u00f3n y formaci\u00f3n de los recursos humanos de la empresa, ajust\u00e1ndose a la normativa vigente y a la pol\u00edtica empresarial, bajo la supervisi\u00f3n del responsable superior del departamento.<\/li>\n<li>Realizar las gestiones administrativas de la actividad comercial registrando la documentaci\u00f3n soporte correspondiente a determinadas obligaciones fiscales derivadas.<\/li>\n<li>Aplicar los protocolos de seguridad laboral y ambiental, higiene y calidad durante todo el proceso productivo, para evitar da\u00f1os en las personas y en el ambiente.<\/li>\n<li>Ejercer sus derechos y cumplir con las obligaciones derivadas de las relaciones laborales, de acuerdo con lo establecido en la legislaci\u00f3n vigente.<\/li>\n<li>Detectar y analizar oportunidades de empleo y autoempleo desarrollando una cultura emprendedora y adapt\u00e1ndose a diferentes puestos de trabajo y nuevas situaciones.<\/li>\n<\/ul>\n<p><span style=\"color: #0070c0;\"><span style=\"font-size: x-large;\"><u><b>Salidas profesionales<\/b><\/u><\/span><\/span><\/p>\n<ul>\n<li>Auxiliar administrativo.<\/li>\n<li>Ayudante de oficina.<\/li>\n<li>Auxiliar administrativo de cobros y pagos<\/li>\n<li>Administrativa \/ administrativo comercial.<\/li>\n<li>Auxiliar administrativo de gesti\u00f3n de personal<\/li>\n<li>Auxiliar administrativo de las administraciones p\u00fablicas.<\/li>\n<li>Recepcionista.<\/li>\n<li>Empleada \/ empleado de atenci\u00f3n al cliente.<\/li>\n<li>Empleada \/ empleado de tesorer\u00eda.<\/li>\n<li>Empleada \/ empleado de medios de pago<\/li>\n<\/ul>\n<p>Puedes trabajar en cualquier sector de actividad, as\u00ed como en administraciones p\u00fablicas, ofreciendo apoyo administrativo en tareas de administraci\u00f3n y gesti\u00f3n y atenci\u00f3n a clientes y ciudadanos.<\/p>\n<p><span style=\"color: #0070c0;\"><span style=\"font-size: x-large;\"><u><b>No lo dudes, ap\u00fantate\u2026<\/b><\/u><\/span><\/span><\/p>\n<p>Para m\u00e1s informaci\u00f3n vis\u00edtanos en Calle Alfonso XIII 4, 14001, C\u00f3rdoba<\/p>\n<p>O contacta con nosotros:<\/p>\n<ul>\n<li><span lang=\"en-GB\">Email: <\/span><span style=\"color: #467886;\"><u><a href=\"mailto:14002923.edu@juntadeandalucia.es\"><span lang=\"en-GB\">14002923.edu@juntadeandalucia.es<\/span><\/a><\/u><\/span><\/li>\n<li><span lang=\"en-GB\">Tel\u00e9fono: 957379971<\/span><\/li>\n<\/ul>\n","protected":false},"excerpt":{"rendered":"<p>CICLO FORMATIVO DE GRADO MEDIO EN GESTI\u00d3N ADMNISTRATIVA (Modalidad OMD) \u00bfEn qu\u00e9 consiste? La Oferta Modular Diferenciada (OMD) tiene un car\u00e1cter de oferta modular, es decir, la solicitud para cursar esta modalidad de ense\u00f1anza se realiza por m\u00f3dulos profesionales (asignatura en ESO o Bachillerato), por lo que no es necesario matricularse de cursos completos. Sin [&hellip;]<\/p>\n","protected":false},"author":3,"featured_media":0,"parent":0,"menu_order":0,"comment_status":"closed","ping_status":"closed","template":"","meta":{"footnotes":""},"class_list":["post-1769","page","type-page","status-publish","hentry"],"jetpack_sharing_enabled":true,"_links":{"self":[{"href":"https:\/\/iesmaimonides.es\/index.php?rest_route=\/wp\/v2\/pages\/1769","targetHints":{"allow":["GET"]}}],"collection":[{"href":"https:\/\/iesmaimonides.es\/index.php?rest_route=\/wp\/v2\/pages"}],"about":[{"href":"https:\/\/iesmaimonides.es\/index.php?rest_route=\/wp\/v2\/types\/page"}],"author":[{"embeddable":true,"href":"https:\/\/iesmaimonides.es\/index.php?rest_route=\/wp\/v2\/users\/3"}],"replies":[{"embeddable":true,"href":"https:\/\/iesmaimonides.es\/index.php?rest_route=%2Fwp%2Fv2%2Fcomments&post=1769"}],"version-history":[{"count":1,"href":"https:\/\/iesmaimonides.es\/index.php?rest_route=\/wp\/v2\/pages\/1769\/revisions"}],"predecessor-version":[{"id":1770,"href":"https:\/\/iesmaimonides.es\/index.php?rest_route=\/wp\/v2\/pages\/1769\/revisions\/1770"}],"wp:attachment":[{"href":"https:\/\/iesmaimonides.es\/index.php?rest_route=%2Fwp%2Fv2%2Fmedia&parent=1769"}],"curies":[{"name":"wp","href":"https:\/\/api.w.org\/{rel}","templated":true}]}}

CICLO FORMATIVO DE GRADO MEDIO EN GESTIÓN ADMNISTRATIVA (Modalidad OMD)

<p><span style="color: #0070c0;"><span style="font-size: x-large;"><u><b>CICLO FORMATIVO DE GRADO MEDIO EN GESTIÓN ADMNISTRATIVA (Modalidad OMD)</b></u></span></span></p>
<p><span style="color: #0070c0;"><span style="font-size: x-large;"><u><b>¿En qué consiste?</b></u></span></span></p>
<p>La Oferta Modular Diferenciada (OMD) tiene un carácter de oferta modular, es decir, la <b>solicitud para cursar esta modalidad de enseñanza se realiza por módulos profesionales </b>(asignatura en ESO o Bachillerato), por lo que no es necesario matricularse de cursos completos. Sin embargo, para un aprovechamiento óptimo, se recomienda seguir el itinerario a lo largo de tres cursos académicos de 20 horas semanales cada uno de ellos:</p>
<p><b>Primer curso:</b></p>
<p>0437.- Comunicación empresarial y atención al cliente. 4 horas/semana</p>
<p>0438.- Operaciones administrativas de compra-venta. 3 horas/semana</p>
<p>1709.- Itinerario Personal para la Empleabilidad I 3 horas/semana</p>
<p>0440.- Tratamiento informático de la información. 7 horas/semana</p>
<p>0439.- Empresa y Administración. 3 horas/semana</p>
<p><b>Segundo curso:</b></p>
<p>0441.- Técnica contable. 3 horas/semana</p>
<p>1664.- Digitalización Aplicada a los Sistemas Productivos GM 1 hora semanal</p>
<p>CTOP.- Optativa 3 horas/semana</p>
<p>0442.- Operaciones administrativas de recursos humanos. 5 horas/semana</p>
<p>0156.- Inglés profesional GM. 5 horas/semana</p>
<p>1710.- Itinerario Personal para la Empleabilidad II 3 horas/semana</p>
<p><b>Tercer curso:</b></p>
<p>0443.- Tratamiento de la documentación contable. 5 horas/semana</p>
<p>0446.- Empresa en el aula. 6 horas/semana</p>
<p>0448.- Operaciones auxiliares de gestión de tesorería. 6 horas/semana</p>
<p>1713.- Proyecto intermodular 2 horas/semana</p>
<p>1708.- Sostenibilidad aplicada al sistema productivo 1 horas/semana</p>
<p><span style="color: #0070c0;"><span style="font-size: x-large;"><u><b>¿Qué ventajas tiene esta modalidad?</b></u></span></span></p>
<ul>
<li>Esta modalidad se adapta al alumnado adulto con responsabilidades laborales o familiares que quieran formarse en un <b>horario reducido de tardes</b>.</li>
<li>Es una oferta <b>pública y gratuita</b>.</li>
<li>Puedes trabajar tanto en <b>empresas privadas</b> como en <b>públicas</b>, ofreciéndote la posibilidad de <b>opositar</b>.</li>
</ul>
<p><span style="color: #0070c0;"><span style="font-size: x-large;"><u><b>¿Cuál es el horario de clases?</b></u></span></span></p>
<p>De lunes a viernes de 17:15 a 21:45</p>
<p><span style="color: #0070c0;"><span style="font-size: x-large;"><u><b>¿Cuáles son los requisitos?</b></u></span></span></p>
<p>Para acceder a esta modalidad de enseñanzas es necesario:</p>
<ul>
<li>Estar en posesión del título de la ESO o equivalente. Para más información <span style="color: #467886;"><u><a href="https://portals.ced.junta-andalucia.es/educacion/portals/web/formacion-profesional-andaluza/docente/ensenanzas/fp-grado-medio/requisitos">pincha aquí</a></u></span>.</li>
<li>Tener cumplidos los 18 años a 31 de diciembre del año natural en que se formaliza la matrícula.</li>
</ul>
<p><span style="color: #0070c0;"><span style="font-size: x-large;"><u><b>Formamos Técnicos en Gestión Administrativa.</b></u></span></span></p>
<p>Este profesional ejerce su actividad tanto en grandes como en medianas y pequeñas empresas, en cualquier sector de actividad, y particularmente en el sector servicios, así como en las administraciones públicas, ofreciendo apoyo administrativo en las tareas de administración y gestión de dichas empresas e instituciones y prestando atención a los clientes y ciudadanos.</p>
<p><span style="color: #0070c0;"><span style="font-size: x-large;"><u><b>¿Qué vas a aprender?</b></u></span></span></p>
<ul>
<li>Tramitar documentos o comunicaciones internas o externas en los circuitos de información de la empresa.</li>
<li>Clasificar, registrar y archivar comunicaciones y documentos según las técnicas apropiadas y los parámetros establecidos en la empresa</li>
<li>Registrar contablemente la documentación soporte correspondiente a la operativa de la empresa en condiciones de seguridad y calidad.</li>
<li>Realizar gestiones administrativas de tesorería, siguiendo las normas y protocolos establecidos por la gerencia con el fin de mantener la liquidez de la organización.</li>
<li>Efectuar las gestiones administrativas de las áreas de selección y formación de los recursos humanos de la empresa, ajustándose a la normativa vigente y a la política empresarial, bajo la supervisión del responsable superior del departamento.</li>
<li>Realizar las gestiones administrativas de la actividad comercial registrando la documentación soporte correspondiente a determinadas obligaciones fiscales derivadas.</li>
<li>Aplicar los protocolos de seguridad laboral y ambiental, higiene y calidad durante todo el proceso productivo, para evitar daños en las personas y en el ambiente.</li>
<li>Ejercer sus derechos y cumplir con las obligaciones derivadas de las relaciones laborales, de acuerdo con lo establecido en la legislación vigente.</li>
<li>Detectar y analizar oportunidades de empleo y autoempleo desarrollando una cultura emprendedora y adaptándose a diferentes puestos de trabajo y nuevas situaciones.</li>
</ul>
<p><span style="color: #0070c0;"><span style="font-size: x-large;"><u><b>Salidas profesionales</b></u></span></span></p>
<ul>
<li>Auxiliar administrativo.</li>
<li>Ayudante de oficina.</li>
<li>Auxiliar administrativo de cobros y pagos</li>
<li>Administrativa / administrativo comercial.</li>
<li>Auxiliar administrativo de gestión de personal</li>
<li>Auxiliar administrativo de las administraciones públicas.</li>
<li>Recepcionista.</li>
<li>Empleada / empleado de atención al cliente.</li>
<li>Empleada / empleado de tesorería.</li>
<li>Empleada / empleado de medios de pago</li>
</ul>
<p>Puedes trabajar en cualquier sector de actividad, así como en administraciones públicas, ofreciendo apoyo administrativo en tareas de administración y gestión y atención a clientes y ciudadanos.</p>
<p><span style="color: #0070c0;"><span style="font-size: x-large;"><u><b>No lo dudes, apúntate…</b></u></span></span></p>
<p>Para más información visítanos en Calle Alfonso XIII 4, 14001, Córdoba</p>
<p>O contacta con nosotros:</p>
<ul>
<li><span lang="en-GB">Email: </span><span style="color: #467886;"><u><a href="mailto:14002923.edu@juntadeandalucia.es"><span lang="en-GB">14002923.edu@juntadeandalucia.es</span></a></u></span></li>
<li><span lang="en-GB">Teléfono: 957379971</span></li>
</ul>

<p>CICLO FORMATIVO DE GRADO MEDIO EN GESTIÓN ADMNISTRATIVA (Modalidad OMD) ¿En qué consiste? La Oferta Modular Diferenciada (OMD) tiene un carácter de oferta modular, es decir, la solicitud para cursar esta modalidad de enseñanza se realiza por módulos profesionales (asignatura en ESO o Bachillerato), por lo que no es necesario matricularse de cursos completos. Sin [&hellip;]</p>
